*n**2 - n - 3. Let x be s(-3). Suppose 0*b + x = 4*b. What is the units digit of b/8 + (-2)/8?
2
Let q be 8/3*(-15)/10. Let m(r) = r**3 + 5*r**2 + 2*r. What is the units digit of m(q)?
8
Let x(y) = y**3 - 7*y**2 - 7*y - 4. Let m be x(8). Suppose 27 = -m*q + 83. Let l = -5 + q. What is the units digit of l?
9
Let h = 4 - -16. Let b = h + 7. Suppose -n = 5*c - b, 0 = -c + 3*c - 8. What is the units digit of n?
7
What is the hundreds digit of (-3)/(-6*1/(-8)) - -277?
2
Let v = 95 + -14. What is the units digit of v?
1
Suppose 0 = 3*w - 28 + 4. What is the units digit of w?
8
Let d be 5 + -6 - 4*-1. Suppose 0 = 6*b - 5*b - 1. What is the units digit of (d - 2) + 12 - b?
2
Let u be (-1 + 1)*(0 - 1). Let r(j) = 4*j + 4*j**2 + j**3 + u*j**3 - 2*j + 4 - j. What is the units digit of r(-3)?
0
Let y = -22 - -23. What is the units digit of y?
1
What is the units digit of 22/(-110) + 1022/10?
2
Suppose 0 = -4*m + 2*m - 18. Let y(k) = k**3 + 10*k**2 + 8*k - 11. Let t be y(m). Let i = -1 - t. What is the units digit of i?
1
What is the units digit of 32*(1 - -3)/8?
6
Let w = -5 + 10. Suppose -w*l - 1 = -46. What is the units digit of l?
9
Suppose -5*y = -4*h - 9, y - 2 - 3 = 4*h. Let o be 1 + -2 + y + -3. What is the units digit of (-20)/o + 2/6?
7
Suppose d + 3*d = -3*b - 23, -5*d = -5*b - 15. Let v = -1 - d. Suppose -3*q = v - 7. What is the units digit of q?
2
Let d(b) = -2*b - 1. Let c be d(-1). Let g be (3 + c)*(-2)/(-4). Suppose -g*z - 12 = -5*z. What is the units digit of z?
4
Let n = 2 + -2. Suppose -2*v + n*v - 42 = 0. Let o = -10 - v. What is the units digit of o?
1
Let m be ((-14)/(-4))/((-4)/(-40)). Let t = m + -21. What is the tens digit of t?
1
Suppose -4*x + 43 + 41 = 0. What is the tens digit of 7*((-9)/x - -3)?
1
Let l(f) = f**2 - 11*f. What is the tens digit of l(15)?
6
Let d = 2 + 0. Suppose 0 = -0*y - 2*y. Suppose t = -y*t + d. What is the units digit of t?
2
Let n be 8*2*3/12. Suppose 0 = n*c - c + 6. What is the units digit of (-6 + -8)*c/4?
7
Suppose -4*s + 54 = -2. What is the tens digit of s?
1
Let a = -1 - -6. Suppose -53 = -a*t + 17. What is the units digit of t?
4
Let k = -9 - -15. What is the units digit of k?
6
Let g be 228/(-20) + 4/10. Suppose 4*o + 43 - 119 = 0. Let m = o + g. What is the units digit of m?
8
Let l(u) = -u - 1. Let f(q) = -q - 1. Let v(o) = 5*f(o) - 6*l(o). What is the units digit of v(1)?
2
Suppose -5*x + 37 = 5*y - y, -2*x + 19 = 3*y. Let f(c) = -c**2 - 21*c - 34. Let d be f(-7). Suppose d = -o + x*o. What is the units digit of o?
6
Suppose 3*u = u - 70. Let b = -5 - u. What is the units digit of b?
0
Let z(n) = 14*n - 8. Let a be z(5). What is the units digit of a/(-4)*(13 + -15)?
1
Suppose 0 = -m + 2*m - 188. What is the hundreds digit of m?
1
Let h(p) = -2*p - 10. Let s(c) = -2*c - 1. Let y be s(3). What is the units digit of h(y)?
4
Let i be 20/6 - (-6)/9. Suppose -4*n + 29 = -5*y + i*y, y + 17 = 2*n. Let s = 0 + n. What is the units digit of s?
6
Suppose 8 = 3*l - 7, 3*l - 5 = -5*z. Let y = z - -12. What is the tens digit of y?
1
Suppose -5*c + 2*x = -80, 4*c + 4*x - 25 - 39 = 0. Suppose c = -3*z - 20. What is the units digit of 4/(-24) - 98/z?
8
Let y(g) = g - 1. Let l(w) = 3*w - 10. Let t(m) = l(m) - 2*y(m). Let z be (6/4)/1*6. What is the units digit of t(z)?
1
Let n = 36 + -17. What is the units digit of n?
9
Suppose 29 + 21 = 5*p. Let r = -6 + p. Suppose -r*h + 12 = -h, -5*b = -5*h. What is the units digit of b?
4
Suppose -2*j = -3*j + 5*w + 89, -5*w = -4*j + 356. What is the tens digit of j?
8
Suppose -6*f + 3*f = -594. What is the units digit of f?
8
Suppose 86*b - 87*b = -292. What is the hundreds digit of b?
2
Suppose 3*d - 2*d - 45 = 0. Suppose 4*y = -y + d. Let x = 13 - y. What is the units digit of x?
4
Suppose -5*c = -0*c + 15. Let l = -2 - c. What is the units digit of l?
1
Suppose 4*p + 82 - 14 = 0. Let q = p - -29. What is the units digit of q?
2
Suppose -3*t + 3*c + 24 = -6*t, 5*t - 3*c = 0. Let n = -3 - t. What is the units digit of 5*(n - 2/(-5))?
2
Let d = 73 + -43. What is the units digit of d?
0
Let v be (-10 - -3 - 2)*1. Let f = 16 + v. What is the units digit of f?
7
Suppose 5*p - 5*v + 130 = -0, -v + 50 = -2*p. Let l be p*(-1)/(-1 - -3). What is the tens digit of 20/(-3)*l/(-8)?
1
Let q = 95 + -51. Let j = 66 - q. What is the units digit of j?
2
Suppose -2*m + 5*z + 22 = 0, 12 = -3*z - 0. Let o = m + 6. What is the units digit of o?
7
Suppose u - 7*u + 78 = 0. What is the tens digit of u?
1
Let t(u) = -13*u + 44. What is the tens digit of t(-8)?
4
Let d be (-4)/(-10) + 48/(-20). What is the units digit of (4/6)/(d/(-3))?
1
Suppose -2*z + 2*p = -5*z + 17, -7 = -z - 2*p. Suppose -z*b - 1 = -11. Suppose -19 + 7 = -b*c. What is the units digit of c?
6
Suppose w + 0*w + 4 = 0, -5*l = 2*w + 178. What is the units digit of -2*(-3)/((-12)/l)?
7
Suppose -4*r = -2*r - 232. What is the units digit of (-4)/(-10) - r/(-10)?
2
Let q(x) = -x**2 + 28*x - 51. What is the units digit of q(10)?
9
Let o = 2 + 7. Suppose -2*g + o = 1. What is the units digit of g/(2/(-9)*-3)?
6
Let c(i) = -i**3 + 9*i**2 - 7*i + 5. What is the tens digit of c(7)?
5
Let x(d) = d - 6. Let w be x(8). Let f be w/(3/(-144)*-3). What is the units digit of f/18 + (-4)/(-18)?
2
Suppose 3*u - 4*x - 21 = 36, 0 = -4*x + 12. Suppose -4*i - 4*j + u = -i, 5*i - 3*j = 19. What is the units digit of i?
5
Let y(s) = s + 15. What is the units digit of y(0)?
5
Let b(j) be the first derivative of -j**4/12 - j**3 + 7*j**2/2 + j - 1. Let l(k) be the first derivative of b(k). What is the tens digit of l(-5)?
1
Suppose m = 6*o - 8*o + 74, -4*o + 228 = 3*m. What is the units digit of m?
0
Let v(g) = g**2 - 5*g + 4. Let s be 17/3 + 1/3. Let i be v(s). Suppose -5*l + i = -20. What is the units digit of l?
6
Let i be 3*30/9 + 0. Suppose i = 3*m - 2*b, m + 2*b - 8 = 5*b. What is the units digit of m?
2
Let x(p) = 7*p + 25. What is the tens digit of x(5)?
6
Let s = -10 - -28. What is the tens digit of s?
1
Let j be (-9)/(6 + -3) + -4. Let q(i) = -2*i - 6. What is the units digit of q(j)?
8
Let p = 0 - -10. Let w = p - 6. Suppose 0 = 3*r - 17 - w. What is the units digit of r?
7
What is the units digit of (-3)/(-18) + 191/6?
2
Let l(o) = -2*o - 4. Suppose 0 = -d + 5*v + 21, -d + v + 1 = -0. Let y be l(d). What is the units digit of y - (1 + -1)/(-1)?
4
Suppose -f - 50 = -2. Let p = f + 84. Suppose -p = 5*c - 8*c. What is the tens digit of c?
1
Suppose -h = -2*f + 7, 0*h = 3*f - 3*h - 18. What is the tens digit of 13 + f*(1 - 2)?
1
Let t(q) be the first derivative of 3*q + 3 + 3/2*q**2. What is the units digit of t(4)?
5
Suppose 2*u - 28 = 4*c + c, 4*u - 4*c = 32. Suppose -3*p = 3*m - 16 - 17, 1 = -u*m + 5*p. What is the units digit of m?
6
Suppose 2 - 3 = -z. What is the units digit of z/((-1)/(-4)) + -2?
2
Let r(l) = -l**2 - 7*l - 5. Suppose -3*z + 8 = 26. What is the units digit of r(z)?
1
Suppose 0 = 4*x - 8, 3*h + 0*x = 4*x + 58. What is the tens digit of h?
2
What is the tens digit of ((-6)/3)/(2/(-24))?
2
Let f(j) = 2 + 1 - 14*j - 4. Let y(t) = t**3 + 8*t**2 - 9*t - 1. Let w be y(-9). What is the tens digit of f(w)?
1
Let a(u) = u**2 + 9*u - 3. Let n be a(-8). Let f = 15 + n. Suppose 3*x = -z + x + 4, -f*z - 2*x = -22. What is the units digit of z?
6
Suppose 0 = -8*c + 269 - 61. What is the tens digit of c?
2
Suppose 2*l + 0*l = -40. Let z = -10 - l. Suppose -z = -0*f - 2*f. What is the units digit of f?
5
Let o be -5 - -2 - (-18)/(-2). Let u(a) = -a**3 - 13*a**2 - 13*a + 8. What is the units digit of u(o)?
0
Suppose 5*r - 117 = -5*p + p, 5*r = -p + 48. Suppose -2*w + 1 = -p. What is the units digit of w?
2
What is the units digit of 205/2*18/15?
3
Suppose -2*y - 391 = -4*b + 201, 5*b = -5*y + 710. What is the units digit of b/10 - 4/(-10)?
5
Let j be 3 + (-1 + -2)/(-3). Let l be -3*(-2)/(-8)*4. Let d = l + j. What is the units digit of d?
1
Let o(l) = l**2 + 6*l + 3. Let v(u) be the first derivative of u**2/2 - 12*u - 1. Let a be v(6). What is the units digit of o(a)?
3
Let i be (-16)/(-6)*(-6)/(-4). Suppose r = -i*r + 110. What is the tens digit of r?
2
Let c = 12 - 4. What is the units digit of c?
8
Suppose -4*t = -3*t - 39. Suppose 0 = 3*o - 4*m - t, o = -o - 3*m + 9. What is the units digit of o?
9
Suppose 94 = -4*l - 2*s + 504, s